{"id":8,"date":"2023-10-30T12:33:21","date_gmt":"2023-10-30T11:33:21","guid":{"rendered":"https:\/\/lcconceptdeco.fr\/index.php\/home\/"},"modified":"2023-11-13T20:09:10","modified_gmt":"2023-11-13T19:09:10","slug":"home-decoratrice-decoration-interieur-amenagement-interieur-deco","status":"publish","type":"page","link":"https:\/\/lcconceptdeco.fr\/","title":{"rendered":"L&#038;C Concept Deco"},"content":{"rendered":"\n<figure class=\"wp-block-image size-full\"><img loading=\"lazy\" decoding=\"async\" width=\"512\" height=\"265\" src=\"https:\/\/i0.wp.com\/lcconceptdeco.fr\/wp-content\/uploads\/2023\/11\/logo1.png?resize=512%2C265\" alt=\"L&amp;C concept deco - d\u00e9coration int\u00e9rieur\" class=\"wp-image-87\" srcset=\"https:\/\/i0.wp.com\/lcconceptdeco.fr\/wp-content\/uploads\/2023\/11\/logo1.png?w=512&amp;ssl=1 512w, https:\/\/i0.wp.com\/lcconceptdeco.fr\/wp-content\/uploads\/2023\/11\/logo1.png?resize=300%2C155&amp;ssl=1 300w\" sizes=\"auto, (max-width: 512px) 100vw, 512px\" data-recalc-dims=\"1\" \/><\/figure>\n\n\n\n<p>Entreprise E.I. micro entrepreneur en passionn\u00e9 en deco, <a href=\"https:\/\/lcconceptdeco.fr\/index.php\/decoration-dinterieur\/\">d\u00e9coration d&rsquo;int\u00e9rieur<\/a>, <a href=\"https:\/\/lcconceptdeco.fr\/index.php\/amenagement-interieur\/\">am\u00e9nagement int\u00e9rieur<\/a> et <a href=\"https:\/\/lcconceptdeco.fr\/index.php\/amenagement-exterieur\/\">am\u00e9nagement ext\u00e9rieur<\/a>. Je me pr\u00e9sente : Laura CAZANOBE ,et je travaille en tant que d\u00e9coratrice d&rsquo;int\u00e9rieur. Je mets \u00e0 disposition mes connaissances pour vous apporter toutes les am\u00e9liorations disponible dans votre logement, maison ou ext\u00e9rieur. Mon travail consiste \u00e0 vous trouvez le moyen le plus adapt\u00e9 \u00e0 votre configuration et au meilleur prix possible. Je travail en partenariat avec des entreprises local comme <a href=\"https:\/\/aidiead.com\">aid iead multiservices<\/a> et bien d&rsquo;autre nous \u00e9tudierons ensemble votre projet. Que cela soit un r\u00e9am\u00e9nagement de votre espace ou une organisation de vos rangement de multiple possibilit\u00e9 s&rsquo;offre \u00e0 vous. Lass\u00e9 de votre deco int\u00e9rieur! alors \u00e9tudions en semble ce que vous aimeriez pour vous redonner l&rsquo;envie d&rsquo;en profiter. Et si on parlait un peut de votre ext\u00e9rieur! il ne faut pas l&rsquo;oublier. un ext\u00e9rieur ce n&rsquo;est pas qu&rsquo;au beau temps. On peut en profiter toutes l&rsquo;ann\u00e9e. Donc faisons ensemble de ce lieux un moment conviviable pour toute l&rsquo;ann\u00e9e. Je peux vous cr\u00e9er diff\u00e9rents espaces pour que vous puissiez en profiter. En r\u00e9novation parfois c&rsquo;est compliqu\u00e9 de se projeter alors en faisant appelle a mes services je pourrait vous faire un projection 3D de votre projet.<\/p>\n","protected":false},"excerpt":{"rendered":"<p>Entreprise E.I. micro entrepreneur en passionn\u00e9 en deco, d\u00e9coration d&rsquo;int\u00e9rieur, am\u00e9nagement int\u00e9rieur et am\u00e9nagement ext\u00e9rieur. Je me pr\u00e9sente : Laura CAZANOBE ,et je travaille en tant que d\u00e9coratrice d&rsquo;int\u00e9rieur. Je mets \u00e0 disposition mes connaissances pour vous apporter toutes les am\u00e9liorations disponible dans votre logement, maison ou ext\u00e9rieur. Mon travail consiste \u00e0 vous trouvez le [&hellip;]<\/p>\n","protected":false},"author":1,"featured_media":0,"parent":0,"menu_order":0,"comment_status":"closed","ping_status":"closed","template":"page-templates\/frontpage.php","meta":{"footnotes":""},"class_list":["post-8","page","type-page","status-publish","hentry"],"yoast_head":"<!-- This site is optimized with the Yoast SEO plugin v27.3 - https:\/\/yoast.com\/product\/yoast-seo-wordpress\/ -->\n<title>L&amp;C Concept Deco -<\/title>\n<meta name=\"description\" content=\"Laura CAZANOBE - d\u00e9coration int\u00e9rieur - am\u00e9nagement int\u00e9rieur - am\u00e9nagement ext\u00e9rieur en statut de micro entrepreneur. La deco une passion.\" \/>\n<meta name=\"robots\" content=\"index, follow, max-snippet:-1, max-image-preview:large, max-video-preview:-1\" \/>\n<link rel=\"canonical\" href=\"https:\/\/lcconceptdeco.fr\/\" \/>\n<meta property=\"og:locale\" content=\"fr_FR\" \/>\n<meta property=\"og:type\" content=\"article\" \/>\n<meta property=\"og:title\" content=\"L&amp;C Concept Deco -\" \/>\n<meta property=\"og:description\" content=\"Laura CAZANOBE - d\u00e9coration int\u00e9rieur - am\u00e9nagement int\u00e9rieur - am\u00e9nagement ext\u00e9rieur en statut de micro entrepreneur. La deco une passion.\" \/>\n<meta property=\"og:url\" content=\"https:\/\/lcconceptdeco.fr\/\" \/>\n<meta property=\"article:modified_time\" content=\"2023-11-13T19:09:10+00:00\" \/>\n<meta property=\"og:image\" content=\"http:\/\/lcconceptdeco.fr\/wp-content\/uploads\/2023\/11\/logo1.png\" \/>\n<meta name=\"twitter:card\" content=\"summary_large_image\" \/>\n<meta name=\"twitter:label1\" content=\"Dur\u00e9e de lecture estim\u00e9e\" \/>\n\t<meta name=\"twitter:data1\" content=\"2 minutes\" \/>\n<script type=\"application\/ld+json\" class=\"yoast-schema-graph\">{\"@context\":\"https:\\\/\\\/schema.org\",\"@graph\":[{\"@type\":\"WebPage\",\"@id\":\"https:\\\/\\\/lcconceptdeco.fr\\\/\",\"url\":\"https:\\\/\\\/lcconceptdeco.fr\\\/\",\"name\":\"L&C Concept Deco -\",\"isPartOf\":{\"@id\":\"https:\\\/\\\/lcconceptdeco.fr\\\/#website\"},\"primaryImageOfPage\":{\"@id\":\"https:\\\/\\\/lcconceptdeco.fr\\\/#primaryimage\"},\"image\":{\"@id\":\"https:\\\/\\\/lcconceptdeco.fr\\\/#primaryimage\"},\"thumbnailUrl\":\"http:\\\/\\\/lcconceptdeco.fr\\\/wp-content\\\/uploads\\\/2023\\\/11\\\/logo1.png\",\"datePublished\":\"2023-10-30T11:33:21+00:00\",\"dateModified\":\"2023-11-13T19:09:10+00:00\",\"description\":\"Laura CAZANOBE - d\u00e9coration int\u00e9rieur - am\u00e9nagement int\u00e9rieur - am\u00e9nagement ext\u00e9rieur en statut de micro entrepreneur. La deco une passion.\",\"breadcrumb\":{\"@id\":\"https:\\\/\\\/lcconceptdeco.fr\\\/#breadcrumb\"},\"inLanguage\":\"fr-FR\",\"potentialAction\":[{\"@type\":\"ReadAction\",\"target\":[\"https:\\\/\\\/lcconceptdeco.fr\\\/\"]}]},{\"@type\":\"ImageObject\",\"inLanguage\":\"fr-FR\",\"@id\":\"https:\\\/\\\/lcconceptdeco.fr\\\/#primaryimage\",\"url\":\"https:\\\/\\\/i0.wp.com\\\/lcconceptdeco.fr\\\/wp-content\\\/uploads\\\/2023\\\/11\\\/logo1.png?fit=512%2C265&ssl=1\",\"contentUrl\":\"https:\\\/\\\/i0.wp.com\\\/lcconceptdeco.fr\\\/wp-content\\\/uploads\\\/2023\\\/11\\\/logo1.png?fit=512%2C265&ssl=1\",\"width\":512,\"height\":265},{\"@type\":\"BreadcrumbList\",\"@id\":\"https:\\\/\\\/lcconceptdeco.fr\\\/#breadcrumb\",\"itemListElement\":[{\"@type\":\"ListItem\",\"position\":1,\"name\":\"Accueil\",\"item\":\"https:\\\/\\\/lcconceptdeco.fr\\\/\"},{\"@type\":\"ListItem\",\"position\":2,\"name\":\"L&#038;C Concept Deco\"}]},{\"@type\":\"WebSite\",\"@id\":\"https:\\\/\\\/lcconceptdeco.fr\\\/#website\",\"url\":\"https:\\\/\\\/lcconceptdeco.fr\\\/\",\"name\":\"l&c concept deco\",\"description\":\"Ensemble r\u00e9imaginons votre int\u00e9rieur\",\"publisher\":{\"@id\":\"https:\\\/\\\/lcconceptdeco.fr\\\/#\\\/schema\\\/person\\\/36f44f4bba4afcfecb17a311c893fc50\"},\"potentialAction\":[{\"@type\":\"SearchAction\",\"target\":{\"@type\":\"EntryPoint\",\"urlTemplate\":\"https:\\\/\\\/lcconceptdeco.fr\\\/?s={search_term_string}\"},\"query-input\":{\"@type\":\"PropertyValueSpecification\",\"valueRequired\":true,\"valueName\":\"search_term_string\"}}],\"inLanguage\":\"fr-FR\"},{\"@type\":[\"Person\",\"Organization\"],\"@id\":\"https:\\\/\\\/lcconceptdeco.fr\\\/#\\\/schema\\\/person\\\/36f44f4bba4afcfecb17a311c893fc50\",\"name\":\"laura CAZANOBE\",\"image\":{\"@type\":\"ImageObject\",\"inLanguage\":\"fr-FR\",\"@id\":\"https:\\\/\\\/i0.wp.com\\\/lcconceptdeco.fr\\\/wp-content\\\/uploads\\\/2023\\\/11\\\/logo.png?fit=752%2C389&ssl=1\",\"url\":\"https:\\\/\\\/i0.wp.com\\\/lcconceptdeco.fr\\\/wp-content\\\/uploads\\\/2023\\\/11\\\/logo.png?fit=752%2C389&ssl=1\",\"contentUrl\":\"https:\\\/\\\/i0.wp.com\\\/lcconceptdeco.fr\\\/wp-content\\\/uploads\\\/2023\\\/11\\\/logo.png?fit=752%2C389&ssl=1\",\"width\":752,\"height\":389,\"caption\":\"laura CAZANOBE\"},\"logo\":{\"@id\":\"https:\\\/\\\/i0.wp.com\\\/lcconceptdeco.fr\\\/wp-content\\\/uploads\\\/2023\\\/11\\\/logo.png?fit=752%2C389&ssl=1\"},\"sameAs\":[\"http:\\\/\\\/lcconceptdeco.fr\"]}]}<\/script>\n<!-- \/ Yoast SEO plugin. -->","yoast_head_json":{"title":"L&C Concept Deco -","description":"Laura CAZANOBE - d\u00e9coration int\u00e9rieur - am\u00e9nagement int\u00e9rieur - am\u00e9nagement ext\u00e9rieur en statut de micro entrepreneur. La deco une passion.","robots":{"index":"index","follow":"follow","max-snippet":"max-snippet:-1","max-image-preview":"max-image-preview:large","max-video-preview":"max-video-preview:-1"},"canonical":"https:\/\/lcconceptdeco.fr\/","og_locale":"fr_FR","og_type":"article","og_title":"L&C Concept Deco -","og_description":"Laura CAZANOBE - d\u00e9coration int\u00e9rieur - am\u00e9nagement int\u00e9rieur - am\u00e9nagement ext\u00e9rieur en statut de micro entrepreneur. La deco une passion.","og_url":"https:\/\/lcconceptdeco.fr\/","article_modified_time":"2023-11-13T19:09:10+00:00","og_image":[{"url":"http:\/\/lcconceptdeco.fr\/wp-content\/uploads\/2023\/11\/logo1.png","type":"","width":"","height":""}],"twitter_card":"summary_large_image","twitter_misc":{"Dur\u00e9e de lecture estim\u00e9e":"2 minutes"},"schema":{"@context":"https:\/\/schema.org","@graph":[{"@type":"WebPage","@id":"https:\/\/lcconceptdeco.fr\/","url":"https:\/\/lcconceptdeco.fr\/","name":"L&C Concept Deco -","isPartOf":{"@id":"https:\/\/lcconceptdeco.fr\/#website"},"primaryImageOfPage":{"@id":"https:\/\/lcconceptdeco.fr\/#primaryimage"},"image":{"@id":"https:\/\/lcconceptdeco.fr\/#primaryimage"},"thumbnailUrl":"http:\/\/lcconceptdeco.fr\/wp-content\/uploads\/2023\/11\/logo1.png","datePublished":"2023-10-30T11:33:21+00:00","dateModified":"2023-11-13T19:09:10+00:00","description":"Laura CAZANOBE - d\u00e9coration int\u00e9rieur - am\u00e9nagement int\u00e9rieur - am\u00e9nagement ext\u00e9rieur en statut de micro entrepreneur. La deco une passion.","breadcrumb":{"@id":"https:\/\/lcconceptdeco.fr\/#breadcrumb"},"inLanguage":"fr-FR","potentialAction":[{"@type":"ReadAction","target":["https:\/\/lcconceptdeco.fr\/"]}]},{"@type":"ImageObject","inLanguage":"fr-FR","@id":"https:\/\/lcconceptdeco.fr\/#primaryimage","url":"https:\/\/i0.wp.com\/lcconceptdeco.fr\/wp-content\/uploads\/2023\/11\/logo1.png?fit=512%2C265&ssl=1","contentUrl":"https:\/\/i0.wp.com\/lcconceptdeco.fr\/wp-content\/uploads\/2023\/11\/logo1.png?fit=512%2C265&ssl=1","width":512,"height":265},{"@type":"BreadcrumbList","@id":"https:\/\/lcconceptdeco.fr\/#breadcrumb","itemListElement":[{"@type":"ListItem","position":1,"name":"Accueil","item":"https:\/\/lcconceptdeco.fr\/"},{"@type":"ListItem","position":2,"name":"L&#038;C Concept Deco"}]},{"@type":"WebSite","@id":"https:\/\/lcconceptdeco.fr\/#website","url":"https:\/\/lcconceptdeco.fr\/","name":"l&c concept deco","description":"Ensemble r\u00e9imaginons votre int\u00e9rieur","publisher":{"@id":"https:\/\/lcconceptdeco.fr\/#\/schema\/person\/36f44f4bba4afcfecb17a311c893fc50"},"potentialAction":[{"@type":"SearchAction","target":{"@type":"EntryPoint","urlTemplate":"https:\/\/lcconceptdeco.fr\/?s={search_term_string}"},"query-input":{"@type":"PropertyValueSpecification","valueRequired":true,"valueName":"search_term_string"}}],"inLanguage":"fr-FR"},{"@type":["Person","Organization"],"@id":"https:\/\/lcconceptdeco.fr\/#\/schema\/person\/36f44f4bba4afcfecb17a311c893fc50","name":"laura CAZANOBE","image":{"@type":"ImageObject","inLanguage":"fr-FR","@id":"https:\/\/i0.wp.com\/lcconceptdeco.fr\/wp-content\/uploads\/2023\/11\/logo.png?fit=752%2C389&ssl=1","url":"https:\/\/i0.wp.com\/lcconceptdeco.fr\/wp-content\/uploads\/2023\/11\/logo.png?fit=752%2C389&ssl=1","contentUrl":"https:\/\/i0.wp.com\/lcconceptdeco.fr\/wp-content\/uploads\/2023\/11\/logo.png?fit=752%2C389&ssl=1","width":752,"height":389,"caption":"laura CAZANOBE"},"logo":{"@id":"https:\/\/i0.wp.com\/lcconceptdeco.fr\/wp-content\/uploads\/2023\/11\/logo.png?fit=752%2C389&ssl=1"},"sameAs":["http:\/\/lcconceptdeco.fr"]}]}},"jetpack_sharing_enabled":true,"jetpack_likes_enabled":true,"_links":{"self":[{"href":"https:\/\/lcconceptdeco.fr\/index.php\/wp-json\/wp\/v2\/pages\/8","targetHints":{"allow":["GET"]}}],"collection":[{"href":"https:\/\/lcconceptdeco.fr\/index.php\/wp-json\/wp\/v2\/pages"}],"about":[{"href":"https:\/\/lcconceptdeco.fr\/index.php\/wp-json\/wp\/v2\/types\/page"}],"author":[{"embeddable":true,"href":"https:\/\/lcconceptdeco.fr\/index.php\/wp-json\/wp\/v2\/users\/1"}],"replies":[{"embeddable":true,"href":"https:\/\/lcconceptdeco.fr\/index.php\/wp-json\/wp\/v2\/comments?post=8"}],"version-history":[{"count":6,"href":"https:\/\/lcconceptdeco.fr\/index.php\/wp-json\/wp\/v2\/pages\/8\/revisions"}],"predecessor-version":[{"id":121,"href":"https:\/\/lcconceptdeco.fr\/index.php\/wp-json\/wp\/v2\/pages\/8\/revisions\/121"}],"wp:attachment":[{"href":"https:\/\/lcconceptdeco.fr\/index.php\/wp-json\/wp\/v2\/media?parent=8"}],"curies":[{"name":"wp","href":"https:\/\/api.w.org\/{rel}","templated":true}]}}